{"id":3485,"date":"2017-03-12T19:39:56","date_gmt":"2017-03-12T18:39:56","guid":{"rendered":"https:\/\/kompakt-gmbh.de\/impressum\/"},"modified":"2026-04-17T14:36:07","modified_gmt":"2026-04-17T12:36:07","slug":"impressum","status":"publish","type":"page","link":"https:\/\/kompakt-gmbh.de\/fr\/impressum\/","title":{"rendered":"Impressum"},"content":{"rendered":"<div class=\"fusion-fullwidth fullwidth-box fusion-builder-row-1 fusion-flex-container nonhundred-percent-fullwidth non-hundred-percent-height-scrolling\" style=\"--awb-border-radius-top-left:0px;--awb-border-radius-top-right:0px;--awb-border-radius-bottom-right:0px;--awb-border-radius-bottom-left:0px;--awb-flex-wrap:wrap;\" ><div class=\"fusion-builder-row fusion-row fusion-flex-align-items-flex-start fusion-flex-content-wrap\" style=\"max-width:1248px;margin-left: calc(-4% \/ 2 );margin-right: calc(-4% \/ 2 );\"><div class=\"fusion-layout-column fusion_builder_column fusion-builder-column-0 fusion_builder_column_1_1 1_1 fusion-flex-column\" style=\"--awb-bg-size:cover;--awb-width-large:100%;--awb-margin-top-large:0px;--awb-spacing-right-large:1.92%;--awb-margin-bottom-large:0px;--awb-spacing-left-large:1.92%;--awb-width-medium:100%;--awb-spacing-right-medium:1.92%;--awb-spacing-left-medium:1.92%;--awb-width-small:100%;--awb-spacing-right-small:1.92%;--awb-spacing-left-small:1.92%;\"><div class=\"fusion-column-wrapper fusion-flex-justify-content-flex-start fusion-content-layout-column\"><div class=\"fusion-text fusion-text-1\" style=\"--awb-text-transform:none;\"><p><strong>Kom-pakt GmbH<\/strong><br \/>\nBeratung + Planung<\/p>\n<p>Stammsitz:<br \/>\nMax-Eyth-Stra\u00dfe 3<br \/>\n75443 \u00d6tisheim<br \/>\nTelefon: +49 7041 81 97-50<\/p>\n<p>B\u00fcro Karlsruhe:<br \/>\nScheffelstra\u00dfe 1<br \/>\n76135 Karlsruhe<br \/>\nTelefon: +49 151 1939 8923<\/p>\n<p>E-Mail: <a href=\"mailto:info@kompakt-gmbh.de\"> info@kompakt-gmbh.de <\/a><br \/>\nWeb: <a href=\"http:\/\/kompakt-gmbh.de\">www.kompakt-gmbh.de<\/a><\/p>\n<p>Handelsregister: HRB 700683<br \/>\nAmtsgericht Mannheim<\/p>\n<p>USt-IdNr.:DE249396795<\/p>\n<p><strong>Vertreten durch:<br \/>\n<\/strong>Gesch\u00e4ftsf\u00fchrer: J\u00fcrgen Traub (Dipl.-Ing.), Tobias Beckel (M. Eng.)<\/p>\n<p><strong>Redaktionell verantwortlich:<br \/>\n<\/strong>Dr. Hans-Joachim Fischer (Dipl.-Geol.)<br \/>\nAnschrift\/Kontakt: siehe B\u00fcro Karlsruhe<\/p>\n<h2 class=\"fusion-responsive-typography-calculated\" data-fontsize=\"48\" data-lineheight=\"57.6px\">Verbraucher\u00adstreit\u00adbeilegung\/Universal\u00adschlichtungs\u00adstelle<\/h2>\n<p>Wir sind nicht bereit oder verpflichtet, an Streitbeilegungsverfahren vor einer Verbraucherschlichtungsstelle teilzunehmen.<\/p>\n<h2>Bildernachweis:<\/h2>\n<p>Sunny studio \/ stock.adobe.com<br \/>\nPetair \/ stock.adobe.com<br \/>\nTiberius Gracchus \/ stock.adobe.com<br \/>\ndrubig-photo \/ stock.adobe.com<br \/>\nDmitry Pichugin \/ stock.adobe.com<br \/>\nDariusz Kopestynski \/ stock.adobe.com<br \/>\nhope \/ stock.adobe.com<br \/>\nagrus \/ stock.adobe.com<\/p>\n<h2>Technische Realisation:<\/h2>\n<p>POGOmedia e.K.<br \/>\nKirschfeldstra\u00dfe 6<br \/>\nD-74629 Pfedelbach<br \/>\n<a href=\"https:\/\/pogomedia.de\/\" target=\"_blank\" rel=\"noopener\">www.pogomedia.de<\/a><\/p>\n<\/div><\/div><\/div><\/div><\/div>\n","protected":false},"excerpt":{"rendered":"","protected":false},"author":3,"featured_media":0,"parent":0,"menu_order":0,"comment_status":"closed","ping_status":"closed","template":"","meta":{"footnotes":""},"class_list":["post-3485","page","type-page","status-publish","hentry"],"yoast_head":"<!-- This site is optimized with the Yoast SEO plugin v27.5 - https:\/\/yoast.com\/product\/yoast-seo-wordpress\/ -->\n<title>Impressum - Kom-pakt GmbH - \u00d6tisheim | Karlsruhe<\/title>\n<meta name=\"description\" content=\"Stammsitz: Allmendstra\u00dfe 6, 75443 \u00d6tisheim - B\u00fcro Karlsruhe: Scheffelstra\u00dfe 1, 76135 Karlsruhe - Gesch\u00e4ftsf\u00fchrer: J\u00fcrgen Traub, Dipl.-Ing. und Dr. Hans-Joachim Fischer, Dipl.-Geol.\" \/>\n<meta name=\"robots\" content=\"index, follow, max-snippet:-1, max-image-preview:large, max-video-preview:-1\" \/>\n<link rel=\"canonical\" href=\"https:\/\/kompakt-gmbh.de\/fr\/impressum\/\" \/>\n<meta property=\"og:locale\" content=\"fr_FR\" \/>\n<meta property=\"og:type\" content=\"article\" \/>\n<meta property=\"og:title\" content=\"Impressum - Kom-pakt GmbH - \u00d6tisheim | Karlsruhe\" \/>\n<meta property=\"og:description\" content=\"Stammsitz: Allmendstra\u00dfe 6, 75443 \u00d6tisheim - B\u00fcro Karlsruhe: Scheffelstra\u00dfe 1, 76135 Karlsruhe - Gesch\u00e4ftsf\u00fchrer: J\u00fcrgen Traub, Dipl.-Ing. und Dr. Hans-Joachim Fischer, Dipl.-Geol.\" \/>\n<meta property=\"og:url\" content=\"https:\/\/kompakt-gmbh.de\/fr\/impressum\/\" \/>\n<meta property=\"og:site_name\" content=\"Kom-pakt GmbH \u00d6tisheim | Karlsruhe\" \/>\n<meta property=\"article:modified_time\" content=\"2026-04-17T12:36:07+00:00\" \/>\n<meta name=\"twitter:card\" content=\"summary_large_image\" \/>\n<meta name=\"twitter:label1\" content=\"Dur\u00e9e de lecture estim\u00e9e\" \/>\n\t<meta name=\"twitter:data1\" content=\"1 minute\" \/>\n<script type=\"application\/ld+json\" class=\"yoast-schema-graph\">{\"@context\":\"https:\\\/\\\/schema.org\",\"@graph\":[{\"@type\":\"WebPage\",\"@id\":\"https:\\\/\\\/kompakt-gmbh.de\\\/fr\\\/impressum\\\/\",\"url\":\"https:\\\/\\\/kompakt-gmbh.de\\\/fr\\\/impressum\\\/\",\"name\":\"Impressum - Kom-pakt GmbH - \u00d6tisheim | Karlsruhe\",\"isPartOf\":{\"@id\":\"https:\\\/\\\/kompakt-gmbh.de\\\/fr\\\/#website\"},\"datePublished\":\"2017-03-12T18:39:56+00:00\",\"dateModified\":\"2026-04-17T12:36:07+00:00\",\"description\":\"Stammsitz: Allmendstra\u00dfe 6, 75443 \u00d6tisheim - B\u00fcro Karlsruhe: Scheffelstra\u00dfe 1, 76135 Karlsruhe - Gesch\u00e4ftsf\u00fchrer: J\u00fcrgen Traub, Dipl.-Ing. und Dr. Hans-Joachim Fischer, Dipl.-Geol.\",\"breadcrumb\":{\"@id\":\"https:\\\/\\\/kompakt-gmbh.de\\\/fr\\\/impressum\\\/#breadcrumb\"},\"inLanguage\":\"fr-FR\",\"potentialAction\":[{\"@type\":\"ReadAction\",\"target\":[\"https:\\\/\\\/kompakt-gmbh.de\\\/fr\\\/impressum\\\/\"]}]},{\"@type\":\"BreadcrumbList\",\"@id\":\"https:\\\/\\\/kompakt-gmbh.de\\\/fr\\\/impressum\\\/#breadcrumb\",\"itemListElement\":[{\"@type\":\"ListItem\",\"position\":1,\"name\":\"Startseite\",\"item\":\"https:\\\/\\\/kompakt-gmbh.de\\\/fr\\\/\"},{\"@type\":\"ListItem\",\"position\":2,\"name\":\"Impressum\"}]},{\"@type\":\"WebSite\",\"@id\":\"https:\\\/\\\/kompakt-gmbh.de\\\/fr\\\/#website\",\"url\":\"https:\\\/\\\/kompakt-gmbh.de\\\/fr\\\/\",\"name\":\"Kom-pakt GmbH \u00d6tisheim | Karlsruhe\",\"description\":\"Deponiebau | Abfallwirtschaft | Fl\u00e4chenrecycling\",\"potentialAction\":[{\"@type\":\"SearchAction\",\"target\":{\"@type\":\"EntryPoint\",\"urlTemplate\":\"https:\\\/\\\/kompakt-gmbh.de\\\/fr\\\/?s={search_term_string}\"},\"query-input\":{\"@type\":\"PropertyValueSpecification\",\"valueRequired\":true,\"valueName\":\"search_term_string\"}}],\"inLanguage\":\"fr-FR\"}]}<\/script>\n<!-- \/ Yoast SEO plugin. -->","yoast_head_json":{"title":"Impressum - Kom-pakt GmbH - \u00d6tisheim | Karlsruhe","description":"Stammsitz: Allmendstra\u00dfe 6, 75443 \u00d6tisheim - B\u00fcro Karlsruhe: Scheffelstra\u00dfe 1, 76135 Karlsruhe - Gesch\u00e4ftsf\u00fchrer: J\u00fcrgen Traub, Dipl.-Ing. und Dr. Hans-Joachim Fischer, Dipl.-Geol.","robots":{"index":"index","follow":"follow","max-snippet":"max-snippet:-1","max-image-preview":"max-image-preview:large","max-video-preview":"max-video-preview:-1"},"canonical":"https:\/\/kompakt-gmbh.de\/fr\/impressum\/","og_locale":"fr_FR","og_type":"article","og_title":"Impressum - Kom-pakt GmbH - \u00d6tisheim | Karlsruhe","og_description":"Stammsitz: Allmendstra\u00dfe 6, 75443 \u00d6tisheim - B\u00fcro Karlsruhe: Scheffelstra\u00dfe 1, 76135 Karlsruhe - Gesch\u00e4ftsf\u00fchrer: J\u00fcrgen Traub, Dipl.-Ing. und Dr. Hans-Joachim Fischer, Dipl.-Geol.","og_url":"https:\/\/kompakt-gmbh.de\/fr\/impressum\/","og_site_name":"Kom-pakt GmbH \u00d6tisheim | Karlsruhe","article_modified_time":"2026-04-17T12:36:07+00:00","twitter_card":"summary_large_image","twitter_misc":{"Dur\u00e9e de lecture estim\u00e9e":"1 minute"},"schema":{"@context":"https:\/\/schema.org","@graph":[{"@type":"WebPage","@id":"https:\/\/kompakt-gmbh.de\/fr\/impressum\/","url":"https:\/\/kompakt-gmbh.de\/fr\/impressum\/","name":"Impressum - Kom-pakt GmbH - \u00d6tisheim | Karlsruhe","isPartOf":{"@id":"https:\/\/kompakt-gmbh.de\/fr\/#website"},"datePublished":"2017-03-12T18:39:56+00:00","dateModified":"2026-04-17T12:36:07+00:00","description":"Stammsitz: Allmendstra\u00dfe 6, 75443 \u00d6tisheim - B\u00fcro Karlsruhe: Scheffelstra\u00dfe 1, 76135 Karlsruhe - Gesch\u00e4ftsf\u00fchrer: J\u00fcrgen Traub, Dipl.-Ing. und Dr. Hans-Joachim Fischer, Dipl.-Geol.","breadcrumb":{"@id":"https:\/\/kompakt-gmbh.de\/fr\/impressum\/#breadcrumb"},"inLanguage":"fr-FR","potentialAction":[{"@type":"ReadAction","target":["https:\/\/kompakt-gmbh.de\/fr\/impressum\/"]}]},{"@type":"BreadcrumbList","@id":"https:\/\/kompakt-gmbh.de\/fr\/impressum\/#breadcrumb","itemListElement":[{"@type":"ListItem","position":1,"name":"Startseite","item":"https:\/\/kompakt-gmbh.de\/fr\/"},{"@type":"ListItem","position":2,"name":"Impressum"}]},{"@type":"WebSite","@id":"https:\/\/kompakt-gmbh.de\/fr\/#website","url":"https:\/\/kompakt-gmbh.de\/fr\/","name":"Kom-pakt GmbH \u00d6tisheim | Karlsruhe","description":"Deponiebau | Abfallwirtschaft | Fl\u00e4chenrecycling","potentialAction":[{"@type":"SearchAction","target":{"@type":"EntryPoint","urlTemplate":"https:\/\/kompakt-gmbh.de\/fr\/?s={search_term_string}"},"query-input":{"@type":"PropertyValueSpecification","valueRequired":true,"valueName":"search_term_string"}}],"inLanguage":"fr-FR"}]}},"_links":{"self":[{"href":"https:\/\/kompakt-gmbh.de\/fr\/wp-json\/wp\/v2\/pages\/3485","targetHints":{"allow":["GET"]}}],"collection":[{"href":"https:\/\/kompakt-gmbh.de\/fr\/wp-json\/wp\/v2\/pages"}],"about":[{"href":"https:\/\/kompakt-gmbh.de\/fr\/wp-json\/wp\/v2\/types\/page"}],"author":[{"embeddable":true,"href":"https:\/\/kompakt-gmbh.de\/fr\/wp-json\/wp\/v2\/users\/3"}],"replies":[{"embeddable":true,"href":"https:\/\/kompakt-gmbh.de\/fr\/wp-json\/wp\/v2\/comments?post=3485"}],"version-history":[{"count":2,"href":"https:\/\/kompakt-gmbh.de\/fr\/wp-json\/wp\/v2\/pages\/3485\/revisions"}],"predecessor-version":[{"id":3592,"href":"https:\/\/kompakt-gmbh.de\/fr\/wp-json\/wp\/v2\/pages\/3485\/revisions\/3592"}],"wp:attachment":[{"href":"https:\/\/kompakt-gmbh.de\/fr\/wp-json\/wp\/v2\/media?parent=3485"}],"curies":[{"name":"wp","href":"https:\/\/api.w.org\/{rel}","templated":true}]}}

<div class="fusion-fullwidth fullwidth-box fusion-builder-row-1 fusion-flex-container nonhundred-percent-fullwidth non-hundred-percent-height-scrolling" style="--awb-border-radius-top-left:0px;--awb-border-radius-top-right:0px;--awb-border-radius-bottom-right:0px;--awb-border-radius-bottom-left:0px;--awb-flex-wrap:wrap;" ><div class="fusion-builder-row fusion-row fusion-flex-align-items-flex-start fusion-flex-content-wrap" style="max-width:1248px;margin-left: calc(-4% / 2 );margin-right: calc(-4% / 2 );"><div class="fusion-layout-column fusion_builder_column fusion-builder-column-0 fusion_builder_column_1_1 1_1 fusion-flex-column" style="--awb-bg-size:cover;--awb-width-large:100%;--awb-margin-top-large:0px;--awb-spacing-right-large:1.92%;--awb-margin-bottom-large:0px;--awb-spacing-left-large:1.92%;--awb-width-medium:100%;--awb-spacing-right-medium:1.92%;--awb-spacing-left-medium:1.92%;--awb-width-small:100%;--awb-spacing-right-small:1.92%;--awb-spacing-left-small:1.92%;"><div class="fusion-column-wrapper fusion-flex-justify-content-flex-start fusion-content-layout-column"><div class="fusion-text fusion-text-1" style="--awb-text-transform:none;"><p><strong>Kom-pakt GmbH</strong><br />
Beratung + Planung</p>
<p>Stammsitz:<br />
Max-Eyth-Straße 3<br />
75443 Ötisheim<br />
Telefon: +49 7041 81 97-50</p>
<p>Büro Karlsruhe:<br />
Scheffelstraße 1<br />
76135 Karlsruhe<br />
Telefon: +49 151 1939 8923</p>
<p>E-Mail: <a href="mailto:info@kompakt-gmbh.de"> info@kompakt-gmbh.de </a><br />
Web: <a href="http://kompakt-gmbh.de">www.kompakt-gmbh.de</a></p>
<p>Handelsregister: HRB 700683<br />
Amtsgericht Mannheim</p>
<p>USt-IdNr.:DE249396795</p>
<p><strong>Vertreten durch:<br />
</strong>Geschäftsführer: Jürgen Traub (Dipl.-Ing.), Tobias Beckel (M. Eng.)</p>
<p><strong>Redaktionell verantwortlich:<br />
</strong>Dr. Hans-Joachim Fischer (Dipl.-Geol.)<br />
Anschrift/Kontakt: siehe Büro Karlsruhe</p>
<h2 class="fusion-responsive-typography-calculated" data-fontsize="48" data-lineheight="57.6px">Verbraucher­streit­beilegung/Universal­schlichtungs­stelle</h2>
<p>Wir sind nicht bereit oder verpflichtet, an Streitbeilegungsverfahren vor einer Verbraucherschlichtungsstelle teilzunehmen.</p>
<h2>Bildernachweis:</h2>
<p>Sunny studio / stock.adobe.com<br />
Petair / stock.adobe.com<br />
Tiberius Gracchus / stock.adobe.com<br />
drubig-photo / stock.adobe.com<br />
Dmitry Pichugin / stock.adobe.com<br />
Dariusz Kopestynski / stock.adobe.com<br />
hope / stock.adobe.com<br />
agrus / stock.adobe.com</p>
<h2>Technische Realisation:</h2>
<p>POGOmedia e.K.<br />
Kirschfeldstraße 6<br />
D-74629 Pfedelbach<br />
<a href="https://pogomedia.de/" target="_blank" rel="noopener">www.pogomedia.de</a></p>
</div></div></div></div></div>

<!-- This site is optimized with the Yoast SEO plugin v27.5 - https://yoast.com/product/yoast-seo-wordpress/ -->
<title>Impressum - Kom-pakt GmbH - Ötisheim | Karlsruhe</title>
<meta name="description" content="Stammsitz: Allmendstraße 6, 75443 Ötisheim - Büro Karlsruhe: Scheffelstraße 1, 76135 Karlsruhe - Geschäftsführer: Jürgen Traub, Dipl.-Ing. und Dr. Hans-Joachim Fischer, Dipl.-Geol." />
<meta name="robots" content="index, follow, max-snippet:-1, max-image-preview:large, max-video-preview:-1" />
<link rel="canonical" href="https://kompakt-gmbh.de/fr/impressum/" />
<meta property="og:locale" content="fr_FR" />
<meta property="og:type" content="article" />
<meta property="og:title" content="Impressum - Kom-pakt GmbH - Ötisheim | Karlsruhe" />
<meta property="og:description" content="Stammsitz: Allmendstraße 6, 75443 Ötisheim - Büro Karlsruhe: Scheffelstraße 1, 76135 Karlsruhe - Geschäftsführer: Jürgen Traub, Dipl.-Ing. und Dr. Hans-Joachim Fischer, Dipl.-Geol." />
<meta property="og:url" content="https://kompakt-gmbh.de/fr/impressum/" />
<meta property="og:site_name" content="Kom-pakt GmbH Ötisheim | Karlsruhe" />
<meta property="article:modified_time" content="2026-04-17T12:36:07+00:00" />
<meta name="twitter:card" content="summary_large_image" />
<meta name="twitter:label1" content="Durée de lecture estimée" />
	<meta name="twitter:data1" content="1 minute" />
<script type="application/ld+json" class="yoast-schema-graph">{"@context":"https:\/\/schema.org","@graph":[{"@type":"WebPage","@id":"https:\/\/kompakt-gmbh.de\/fr\/impressum\/","url":"https:\/\/kompakt-gmbh.de\/fr\/impressum\/","name":"Impressum - Kom-pakt GmbH - Ötisheim | Karlsruhe","isPartOf":{"@id":"https:\/\/kompakt-gmbh.de\/fr\/#website"},"datePublished":"2017-03-12T18:39:56+00:00","dateModified":"2026-04-17T12:36:07+00:00","description":"Stammsitz: Allmendstraße 6, 75443 Ötisheim - Büro Karlsruhe: Scheffelstraße 1, 76135 Karlsruhe - Geschäftsführer: Jürgen Traub, Dipl.-Ing. und Dr. Hans-Joachim Fischer, Dipl.-Geol.","breadcrumb":{"@id":"https:\/\/kompakt-gmbh.de\/fr\/impressum\/#breadcrumb"},"inLanguage":"fr-FR","potentialAction":[{"@type":"ReadAction","target":["https:\/\/kompakt-gmbh.de\/fr\/impressum\/"]}]},{"@type":"BreadcrumbList","@id":"https:\/\/kompakt-gmbh.de\/fr\/impressum\/#breadcrumb","itemListElement":[{"@type":"ListItem","position":1,"name":"Startseite","item":"https:\/\/kompakt-gmbh.de\/fr\/"},{"@type":"ListItem","position":2,"name":"Impressum"}]},{"@type":"WebSite","@id":"https:\/\/kompakt-gmbh.de\/fr\/#website","url":"https:\/\/kompakt-gmbh.de\/fr\/","name":"Kom-pakt GmbH Ötisheim | Karlsruhe","description":"Deponiebau | Abfallwirtschaft | Flächenrecycling","potentialAction":[{"@type":"SearchAction","target":{"@type":"EntryPoint","urlTemplate":"https:\/\/kompakt-gmbh.de\/fr\/?s={search_term_string}"},"query-input":{"@type":"PropertyValueSpecification","valueRequired":true,"valueName":"search_term_string"}}],"inLanguage":"fr-FR"}]}</script>
<!-- / Yoast SEO plugin. -->

Impressum - Kom-pakt GmbH - Ötisheim | Karlsruhe

Stammsitz: Allmendstraße 6, 75443 Ötisheim - Büro Karlsruhe: Scheffelstraße 1, 76135 Karlsruhe - Geschäftsführer: Jürgen Traub, Dipl.-Ing. und Dr. Hans-Joachim Fischer, Dipl.-Geol.

Kom-pakt GmbH Ötisheim | Karlsruhe

Deponiebau | Abfallwirtschaft | Flächenrecycling
