{"id":1217,"date":"2017-08-12T12:33:02","date_gmt":"2017-08-12T10:33:02","guid":{"rendered":"https:\/\/kompakt-gmbh.de\/contacto-arranque\/"},"modified":"2022-04-11T09:32:14","modified_gmt":"2022-04-11T07:32:14","slug":"contacto-arranque","status":"publish","type":"page","link":"https:\/\/kompakt-gmbh.de\/es\/contacto-arranque\/","title":{"rendered":"Contacto &#038; Arranque"},"content":{"rendered":"<div class=\"fusion-fullwidth fullwidth-box fusion-builder-row-1 fusion-flex-container nonhundred-percent-fullwidth non-hundred-percent-height-scrolling\" style=\"--awb-border-radius-top-left:0px;--awb-border-radius-top-right:0px;--awb-border-radius-bottom-right:0px;--awb-border-radius-bottom-left:0px;--awb-flex-wrap:wrap;\" ><div class=\"fusion-builder-row fusion-row fusion-flex-align-items-flex-start fusion-flex-content-wrap\" style=\"max-width:1248px;margin-left: calc(-4% \/ 2 );margin-right: calc(-4% \/ 2 );\"><div class=\"fusion-layout-column fusion_builder_column fusion-builder-column-0 fusion_builder_column_1_2 1_2 fusion-flex-column\" style=\"--awb-bg-size:cover;--awb-width-large:50%;--awb-margin-top-large:0px;--awb-spacing-right-large:3.84%;--awb-margin-bottom-large:20px;--awb-spacing-left-large:3.84%;--awb-width-medium:100%;--awb-spacing-right-medium:1.92%;--awb-spacing-left-medium:1.92%;--awb-width-small:100%;--awb-spacing-right-small:1.92%;--awb-spacing-left-small:1.92%;\"><div class=\"fusion-column-wrapper fusion-flex-justify-content-flex-start fusion-content-layout-column\"><div class=\"fusion-text fusion-text-1\" style=\"--awb-text-transform:none;\"><h2>Casa solariega \u00d6tisheim<\/h2>\n<p>Max-Eyth-Stra\u00dfe 3<br \/>\n75443 \u00d6tisheim<br \/>\nTelefon: +49 7041 81 97-50<\/p>\n<\/div><\/div><\/div><div class=\"fusion-layout-column fusion_builder_column fusion-builder-column-1 fusion_builder_column_1_2 1_2 fusion-flex-column\" style=\"--awb-bg-size:cover;--awb-width-large:50%;--awb-margin-top-large:0px;--awb-spacing-right-large:3.84%;--awb-margin-bottom-large:20px;--awb-spacing-left-large:3.84%;--awb-width-medium:100%;--awb-spacing-right-medium:1.92%;--awb-spacing-left-medium:1.92%;--awb-width-small:100%;--awb-spacing-right-small:1.92%;--awb-spacing-left-small:1.92%;\"><div class=\"fusion-column-wrapper fusion-flex-justify-content-flex-start fusion-content-layout-column\"><div class=\"fusion-text fusion-text-2\"><h2>Residencia Karlsruhe<\/h2>\n<p>Scheffelstra\u00dfe 1<br \/>\n76135 Karlsruhe<br \/>\nTelefon: +49 721 831 44-44<\/p>\n<\/div><\/div><\/div><\/div><\/div>\n","protected":false},"excerpt":{"rendered":"","protected":false},"author":3,"featured_media":0,"parent":0,"menu_order":0,"comment_status":"closed","ping_status":"closed","template":"","meta":{"footnotes":""},"class_list":["post-1217","page","type-page","status-publish","hentry"],"yoast_head":"<!-- This site is optimized with the Yoast SEO plugin v27.5 - https:\/\/yoast.com\/product\/yoast-seo-wordpress\/ -->\n<title>Contacto &amp; Arranque - Kom-pakt GmbH \u00d6tisheim | Karlsruhe<\/title>\n<meta name=\"description\" content=\"Kom-pakt GmbH - Beratung + Planung, Stammsitz: Allmendstra\u00dfe 6, 75443 \u00d6tisheim, Telefon: +49 7041 81 97-50, B\u00fcro Karlsruhe: Telefon: +49 721 831 44-44\" \/>\n<meta name=\"robots\" content=\"index, follow, max-snippet:-1, max-image-preview:large, max-video-preview:-1\" \/>\n<link rel=\"canonical\" href=\"https:\/\/kompakt-gmbh.de\/es\/contacto-arranque\/\" \/>\n<meta property=\"og:locale\" content=\"es_ES\" \/>\n<meta property=\"og:type\" content=\"article\" \/>\n<meta property=\"og:title\" content=\"Contacto &amp; Arranque - Kom-pakt GmbH \u00d6tisheim | Karlsruhe\" \/>\n<meta property=\"og:description\" content=\"Kom-pakt GmbH - Beratung + Planung, Stammsitz: Allmendstra\u00dfe 6, 75443 \u00d6tisheim, Telefon: +49 7041 81 97-50, B\u00fcro Karlsruhe: Telefon: +49 721 831 44-44\" \/>\n<meta property=\"og:url\" content=\"https:\/\/kompakt-gmbh.de\/es\/contacto-arranque\/\" \/>\n<meta property=\"og:site_name\" content=\"Kom-pakt GmbH \u00d6tisheim | Karlsruhe\" \/>\n<meta property=\"article:modified_time\" content=\"2022-04-11T07:32:14+00:00\" \/>\n<meta name=\"twitter:card\" content=\"summary_large_image\" \/>\n<meta name=\"twitter:label1\" content=\"Tiempo de lectura\" \/>\n\t<meta name=\"twitter:data1\" content=\"2 minutos\" \/>\n<script type=\"application\/ld+json\" class=\"yoast-schema-graph\">{\"@context\":\"https:\\\/\\\/schema.org\",\"@graph\":[{\"@type\":\"WebPage\",\"@id\":\"https:\\\/\\\/kompakt-gmbh.de\\\/es\\\/contacto-arranque\\\/\",\"url\":\"https:\\\/\\\/kompakt-gmbh.de\\\/es\\\/contacto-arranque\\\/\",\"name\":\"Contacto & Arranque - Kom-pakt GmbH \u00d6tisheim | Karlsruhe\",\"isPartOf\":{\"@id\":\"https:\\\/\\\/kompakt-gmbh.de\\\/es\\\/#website\"},\"datePublished\":\"2017-08-12T10:33:02+00:00\",\"dateModified\":\"2022-04-11T07:32:14+00:00\",\"description\":\"Kom-pakt GmbH - Beratung + Planung, Stammsitz: Allmendstra\u00dfe 6, 75443 \u00d6tisheim, Telefon: +49 7041 81 97-50, B\u00fcro Karlsruhe: Telefon: +49 721 831 44-44\",\"breadcrumb\":{\"@id\":\"https:\\\/\\\/kompakt-gmbh.de\\\/es\\\/contacto-arranque\\\/#breadcrumb\"},\"inLanguage\":\"es\",\"potentialAction\":[{\"@type\":\"ReadAction\",\"target\":[\"https:\\\/\\\/kompakt-gmbh.de\\\/es\\\/contacto-arranque\\\/\"]}]},{\"@type\":\"BreadcrumbList\",\"@id\":\"https:\\\/\\\/kompakt-gmbh.de\\\/es\\\/contacto-arranque\\\/#breadcrumb\",\"itemListElement\":[{\"@type\":\"ListItem\",\"position\":1,\"name\":\"Startseite\",\"item\":\"https:\\\/\\\/kompakt-gmbh.de\\\/es\\\/\"},{\"@type\":\"ListItem\",\"position\":2,\"name\":\"Contacto &#038; Arranque\"}]},{\"@type\":\"WebSite\",\"@id\":\"https:\\\/\\\/kompakt-gmbh.de\\\/es\\\/#website\",\"url\":\"https:\\\/\\\/kompakt-gmbh.de\\\/es\\\/\",\"name\":\"Kom-pakt GmbH \u00d6tisheim | Karlsruhe\",\"description\":\"Deponiebau | Abfallwirtschaft | Fl\u00e4chenrecycling\",\"potentialAction\":[{\"@type\":\"SearchAction\",\"target\":{\"@type\":\"EntryPoint\",\"urlTemplate\":\"https:\\\/\\\/kompakt-gmbh.de\\\/es\\\/?s={search_term_string}\"},\"query-input\":{\"@type\":\"PropertyValueSpecification\",\"valueRequired\":true,\"valueName\":\"search_term_string\"}}],\"inLanguage\":\"es\"}]}<\/script>\n<!-- \/ Yoast SEO plugin. -->","yoast_head_json":{"title":"Contacto & Arranque - Kom-pakt GmbH \u00d6tisheim | Karlsruhe","description":"Kom-pakt GmbH - Beratung + Planung, Stammsitz: Allmendstra\u00dfe 6, 75443 \u00d6tisheim, Telefon: +49 7041 81 97-50, B\u00fcro Karlsruhe: Telefon: +49 721 831 44-44","robots":{"index":"index","follow":"follow","max-snippet":"max-snippet:-1","max-image-preview":"max-image-preview:large","max-video-preview":"max-video-preview:-1"},"canonical":"https:\/\/kompakt-gmbh.de\/es\/contacto-arranque\/","og_locale":"es_ES","og_type":"article","og_title":"Contacto & Arranque - Kom-pakt GmbH \u00d6tisheim | Karlsruhe","og_description":"Kom-pakt GmbH - Beratung + Planung, Stammsitz: Allmendstra\u00dfe 6, 75443 \u00d6tisheim, Telefon: +49 7041 81 97-50, B\u00fcro Karlsruhe: Telefon: +49 721 831 44-44","og_url":"https:\/\/kompakt-gmbh.de\/es\/contacto-arranque\/","og_site_name":"Kom-pakt GmbH \u00d6tisheim | Karlsruhe","article_modified_time":"2022-04-11T07:32:14+00:00","twitter_card":"summary_large_image","twitter_misc":{"Tiempo de lectura":"2 minutos"},"schema":{"@context":"https:\/\/schema.org","@graph":[{"@type":"WebPage","@id":"https:\/\/kompakt-gmbh.de\/es\/contacto-arranque\/","url":"https:\/\/kompakt-gmbh.de\/es\/contacto-arranque\/","name":"Contacto & Arranque - Kom-pakt GmbH \u00d6tisheim | Karlsruhe","isPartOf":{"@id":"https:\/\/kompakt-gmbh.de\/es\/#website"},"datePublished":"2017-08-12T10:33:02+00:00","dateModified":"2022-04-11T07:32:14+00:00","description":"Kom-pakt GmbH - Beratung + Planung, Stammsitz: Allmendstra\u00dfe 6, 75443 \u00d6tisheim, Telefon: +49 7041 81 97-50, B\u00fcro Karlsruhe: Telefon: +49 721 831 44-44","breadcrumb":{"@id":"https:\/\/kompakt-gmbh.de\/es\/contacto-arranque\/#breadcrumb"},"inLanguage":"es","potentialAction":[{"@type":"ReadAction","target":["https:\/\/kompakt-gmbh.de\/es\/contacto-arranque\/"]}]},{"@type":"BreadcrumbList","@id":"https:\/\/kompakt-gmbh.de\/es\/contacto-arranque\/#breadcrumb","itemListElement":[{"@type":"ListItem","position":1,"name":"Startseite","item":"https:\/\/kompakt-gmbh.de\/es\/"},{"@type":"ListItem","position":2,"name":"Contacto &#038; Arranque"}]},{"@type":"WebSite","@id":"https:\/\/kompakt-gmbh.de\/es\/#website","url":"https:\/\/kompakt-gmbh.de\/es\/","name":"Kom-pakt GmbH \u00d6tisheim | Karlsruhe","description":"Deponiebau | Abfallwirtschaft | Fl\u00e4chenrecycling","potentialAction":[{"@type":"SearchAction","target":{"@type":"EntryPoint","urlTemplate":"https:\/\/kompakt-gmbh.de\/es\/?s={search_term_string}"},"query-input":{"@type":"PropertyValueSpecification","valueRequired":true,"valueName":"search_term_string"}}],"inLanguage":"es"}]}},"_links":{"self":[{"href":"https:\/\/kompakt-gmbh.de\/es\/wp-json\/wp\/v2\/pages\/1217","targetHints":{"allow":["GET"]}}],"collection":[{"href":"https:\/\/kompakt-gmbh.de\/es\/wp-json\/wp\/v2\/pages"}],"about":[{"href":"https:\/\/kompakt-gmbh.de\/es\/wp-json\/wp\/v2\/types\/page"}],"author":[{"embeddable":true,"href":"https:\/\/kompakt-gmbh.de\/es\/wp-json\/wp\/v2\/users\/3"}],"replies":[{"embeddable":true,"href":"https:\/\/kompakt-gmbh.de\/es\/wp-json\/wp\/v2\/comments?post=1217"}],"version-history":[{"count":3,"href":"https:\/\/kompakt-gmbh.de\/es\/wp-json\/wp\/v2\/pages\/1217\/revisions"}],"predecessor-version":[{"id":2948,"href":"https:\/\/kompakt-gmbh.de\/es\/wp-json\/wp\/v2\/pages\/1217\/revisions\/2948"}],"wp:attachment":[{"href":"https:\/\/kompakt-gmbh.de\/es\/wp-json\/wp\/v2\/media?parent=1217"}],"curies":[{"name":"wp","href":"https:\/\/api.w.org\/{rel}","templated":true}]}}

<div class="fusion-fullwidth fullwidth-box fusion-builder-row-1 fusion-flex-container nonhundred-percent-fullwidth non-hundred-percent-height-scrolling" style="--awb-border-radius-top-left:0px;--awb-border-radius-top-right:0px;--awb-border-radius-bottom-right:0px;--awb-border-radius-bottom-left:0px;--awb-flex-wrap:wrap;" ><div class="fusion-builder-row fusion-row fusion-flex-align-items-flex-start fusion-flex-content-wrap" style="max-width:1248px;margin-left: calc(-4% / 2 );margin-right: calc(-4% / 2 );"><div class="fusion-layout-column fusion_builder_column fusion-builder-column-0 fusion_builder_column_1_2 1_2 fusion-flex-column" style="--awb-bg-size:cover;--awb-width-large:50%;--awb-margin-top-large:0px;--awb-spacing-right-large:3.84%;--awb-margin-bottom-large:20px;--awb-spacing-left-large:3.84%;--awb-width-medium:100%;--awb-spacing-right-medium:1.92%;--awb-spacing-left-medium:1.92%;--awb-width-small:100%;--awb-spacing-right-small:1.92%;--awb-spacing-left-small:1.92%;"><div class="fusion-column-wrapper fusion-flex-justify-content-flex-start fusion-content-layout-column"><div class="fusion-text fusion-text-1" style="--awb-text-transform:none;"><h2>Casa solariega Ötisheim</h2>
<p>Max-Eyth-Straße 3<br />
75443 Ötisheim<br />
Telefon: +49 7041 81 97-50</p>
</div></div></div><div class="fusion-layout-column fusion_builder_column fusion-builder-column-1 fusion_builder_column_1_2 1_2 fusion-flex-column" style="--awb-bg-size:cover;--awb-width-large:50%;--awb-margin-top-large:0px;--awb-spacing-right-large:3.84%;--awb-margin-bottom-large:20px;--awb-spacing-left-large:3.84%;--awb-width-medium:100%;--awb-spacing-right-medium:1.92%;--awb-spacing-left-medium:1.92%;--awb-width-small:100%;--awb-spacing-right-small:1.92%;--awb-spacing-left-small:1.92%;"><div class="fusion-column-wrapper fusion-flex-justify-content-flex-start fusion-content-layout-column"><div class="fusion-text fusion-text-2"><h2>Residencia Karlsruhe</h2>
<p>Scheffelstraße 1<br />
76135 Karlsruhe<br />
Telefon: +49 721 831 44-44</p>
</div></div></div></div></div>

<!-- This site is optimized with the Yoast SEO plugin v27.5 - https://yoast.com/product/yoast-seo-wordpress/ -->
<title>Contacto &amp; Arranque - Kom-pakt GmbH Ötisheim | Karlsruhe</title>
<meta name="description" content="Kom-pakt GmbH - Beratung + Planung, Stammsitz: Allmendstraße 6, 75443 Ötisheim, Telefon: +49 7041 81 97-50, Büro Karlsruhe: Telefon: +49 721 831 44-44" />
<meta name="robots" content="index, follow, max-snippet:-1, max-image-preview:large, max-video-preview:-1" />
<link rel="canonical" href="https://kompakt-gmbh.de/es/contacto-arranque/" />
<meta property="og:locale" content="es_ES" />
<meta property="og:type" content="article" />
<meta property="og:title" content="Contacto &amp; Arranque - Kom-pakt GmbH Ötisheim | Karlsruhe" />
<meta property="og:description" content="Kom-pakt GmbH - Beratung + Planung, Stammsitz: Allmendstraße 6, 75443 Ötisheim, Telefon: +49 7041 81 97-50, Büro Karlsruhe: Telefon: +49 721 831 44-44" />
<meta property="og:url" content="https://kompakt-gmbh.de/es/contacto-arranque/" />
<meta property="og:site_name" content="Kom-pakt GmbH Ötisheim | Karlsruhe" />
<meta property="article:modified_time" content="2022-04-11T07:32:14+00:00" />
<meta name="twitter:card" content="summary_large_image" />
<meta name="twitter:label1" content="Tiempo de lectura" />
	<meta name="twitter:data1" content="2 minutos" />
<script type="application/ld+json" class="yoast-schema-graph">{"@context":"https:\/\/schema.org","@graph":[{"@type":"WebPage","@id":"https:\/\/kompakt-gmbh.de\/es\/contacto-arranque\/","url":"https:\/\/kompakt-gmbh.de\/es\/contacto-arranque\/","name":"Contacto & Arranque - Kom-pakt GmbH Ötisheim | Karlsruhe","isPartOf":{"@id":"https:\/\/kompakt-gmbh.de\/es\/#website"},"datePublished":"2017-08-12T10:33:02+00:00","dateModified":"2022-04-11T07:32:14+00:00","description":"Kom-pakt GmbH - Beratung + Planung, Stammsitz: Allmendstraße 6, 75443 Ötisheim, Telefon: +49 7041 81 97-50, Büro Karlsruhe: Telefon: +49 721 831 44-44","breadcrumb":{"@id":"https:\/\/kompakt-gmbh.de\/es\/contacto-arranque\/#breadcrumb"},"inLanguage":"es","potentialAction":[{"@type":"ReadAction","target":["https:\/\/kompakt-gmbh.de\/es\/contacto-arranque\/"]}]},{"@type":"BreadcrumbList","@id":"https:\/\/kompakt-gmbh.de\/es\/contacto-arranque\/#breadcrumb","itemListElement":[{"@type":"ListItem","position":1,"name":"Startseite","item":"https:\/\/kompakt-gmbh.de\/es\/"},{"@type":"ListItem","position":2,"name":"Contacto &#038; Arranque"}]},{"@type":"WebSite","@id":"https:\/\/kompakt-gmbh.de\/es\/#website","url":"https:\/\/kompakt-gmbh.de\/es\/","name":"Kom-pakt GmbH Ötisheim | Karlsruhe","description":"Deponiebau | Abfallwirtschaft | Flächenrecycling","potentialAction":[{"@type":"SearchAction","target":{"@type":"EntryPoint","urlTemplate":"https:\/\/kompakt-gmbh.de\/es\/?s={search_term_string}"},"query-input":{"@type":"PropertyValueSpecification","valueRequired":true,"valueName":"search_term_string"}}],"inLanguage":"es"}]}</script>
<!-- / Yoast SEO plugin. -->

Contacto & Arranque - Kom-pakt GmbH Ötisheim | Karlsruhe

Kom-pakt GmbH - Beratung + Planung, Stammsitz: Allmendstraße 6, 75443 Ötisheim, Telefon: +49 7041 81 97-50, Büro Karlsruhe: Telefon: +49 721 831 44-44

Kom-pakt GmbH Ötisheim | Karlsruhe

Deponiebau | Abfallwirtschaft | Flächenrecycling
