{"id":1532,"date":"2017-08-14T11:37:25","date_gmt":"2017-08-14T09:37:25","guid":{"rendered":"https:\/\/kompakt-gmbh.de\/domaci\/dkoncept-demontaz-budov\/"},"modified":"2021-11-22T16:10:21","modified_gmt":"2021-11-22T15:10:21","slug":"destrukce-budov-recyklace-pudy","status":"publish","type":"page","link":"https:\/\/kompakt-gmbh.de\/cs\/domaci\/destrukce-budov-recyklace-pudy\/","title":{"rendered":"Destrukce budov \/ recyklace p\u016fdy"},"content":{"rendered":"<p><div class=\"fusion-fullwidth fullwidth-box fusion-builder-row-1 fusion-flex-container nonhundred-percent-fullwidth non-hundred-percent-height-scrolling\" style=\"--awb-border-radius-top-left:0px;--awb-border-radius-top-right:0px;--awb-border-radius-bottom-right:0px;--awb-border-radius-bottom-left:0px;--awb-flex-wrap:wrap;\" ><div class=\"fusion-builder-row fusion-row fusion-flex-align-items-flex-start fusion-flex-content-wrap\" style=\"max-width:1248px;margin-left: calc(-4% \/ 2 );margin-right: calc(-4% \/ 2 );\"><div class=\"fusion-layout-column fusion_builder_column fusion-builder-column-0 fusion_builder_column_1_2 1_2 fusion-flex-column\" style=\"--awb-bg-size:cover;--awb-width-large:50%;--awb-margin-top-large:0px;--awb-spacing-right-large:3.84%;--awb-margin-bottom-large:20px;--awb-spacing-left-large:3.84%;--awb-width-medium:100%;--awb-spacing-right-medium:1.92%;--awb-spacing-left-medium:1.92%;--awb-width-small:100%;--awb-spacing-right-small:1.92%;--awb-spacing-left-small:1.92%;\"><div class=\"fusion-column-wrapper fusion-flex-justify-content-flex-start fusion-content-layout-column\"><div style=\"text-align:left;\"><a class=\"fusion-button button-flat button-small button-custom fusion-button-default button-1 fusion-button-default-span fusion-button-default-type\" style=\"--button_accent_color:#ffffff;--button_accent_hover_color:#f2f2f2;--button_border_hover_color:#f2f2f2;--button_gradient_top_color:#0d4e9e;--button_gradient_bottom_color:#0d4e9e;--button_gradient_top_color_hover:#0d4e9e;--button_gradient_bottom_color_hover:#0d4e9e;\" target=\"_self\" href=\"https:\/\/kompakt-gmbh.de\/cs\/domaci\/rizeni-hmotnostniho-prutoku\/\"><i class=\"fa-long-arrow-alt-left fas awb-button__icon awb-button__icon--default awb-button__icon--no-margin button-icon-left\" aria-hidden=\"true\"><\/i><span class=\"fusion-button-text awb-button__text awb-button__text--default\"><\/span><\/a><\/div><\/div><\/div><div class=\"fusion-layout-column fusion_builder_column fusion-builder-column-1 fusion_builder_column_1_2 1_2 fusion-flex-column\" style=\"--awb-bg-size:cover;--awb-width-large:50%;--awb-margin-top-large:0px;--awb-spacing-right-large:3.84%;--awb-margin-bottom-large:20px;--awb-spacing-left-large:3.84%;--awb-width-medium:100%;--awb-spacing-right-medium:1.92%;--awb-spacing-left-medium:1.92%;--awb-width-small:100%;--awb-spacing-right-small:1.92%;--awb-spacing-left-small:1.92%;\"><div class=\"fusion-column-wrapper fusion-flex-justify-content-flex-start fusion-content-layout-column\"><\/div><\/div><\/div><\/div><div class=\"fusion-fullwidth fullwidth-box fusion-builder-row-2 fusion-flex-container nonhundred-percent-fullwidth non-hundred-percent-height-scrolling\" style=\"--awb-border-radius-top-left:0px;--awb-border-radius-top-right:0px;--awb-border-radius-bottom-right:0px;--awb-border-radius-bottom-left:0px;--awb-flex-wrap:wrap;\" ><div class=\"fusion-builder-row fusion-row fusion-flex-align-items-flex-start fusion-flex-content-wrap\" style=\"max-width:calc( 1200px + 0px );margin-left: calc(-0px \/ 2 );margin-right: calc(-0px \/ 2 );\"><div class=\"fusion-layout-column fusion_builder_column fusion-builder-column-2 fusion_builder_column_1_1 1_1 fusion-flex-column\" style=\"--awb-bg-size:cover;--awb-width-large:100%;--awb-margin-top-large:0px;--awb-spacing-right-large:0px;--awb-margin-bottom-large:20px;--awb-spacing-left-large:0px;--awb-width-medium:100%;--awb-spacing-right-medium:0px;--awb-spacing-left-medium:0px;--awb-width-small:100%;--awb-spacing-right-small:0px;--awb-spacing-left-small:0px;\"><div class=\"fusion-column-wrapper fusion-flex-justify-content-flex-start fusion-content-layout-column\"><div class=\"fusion-image-element \" style=\"--awb-caption-title-font-family:var(--h2_typography-font-family);--awb-caption-title-font-weight:var(--h2_typography-font-weight);--awb-caption-title-font-style:var(--h2_typography-font-style);--awb-caption-title-size:var(--h2_typography-font-size);--awb-caption-title-transform:var(--h2_typography-text-transform);--awb-caption-title-line-height:var(--h2_typography-line-height);--awb-caption-title-letter-spacing:var(--h2_typography-letter-spacing);\"><span class=\" fusion-imageframe imageframe-none imageframe-1 hover-type-zoomout\"><a class=\"fusion-no-lightbox\" href=\"https:\/\/kompakt-gmbh.de\/cs\/kontakt-prijezd\/\" target=\"_self\" aria-label=\"rueckbau\"><img decoding=\"async\" width=\"960\" height=\"430\" alt=\"Kontakt Kompakt-GmbH\" src=\"data:image\/svg+xml,%3Csvg%20xmlns%3D%27http%3A%2F%2Fwww.w3.org%2F2000%2Fsvg%27%20width%3D%27960%27%20height%3D%27430%27%20viewBox%3D%270%200%20960%20430%27%3E%3Crect%20width%3D%27960%27%20height%3D%27430%27%20fill-opacity%3D%220%22%2F%3E%3C%2Fsvg%3E\" data-orig-src=\"https:\/\/kompakt-gmbh.de\/wp-content\/uploads\/2017\/03\/rueckbau.jpg\" class=\"lazyload img-responsive wp-image-209\"\/><\/a><\/span><\/div><div class=\"fusion-separator fusion-full-width-sep\" style=\"align-self: center;margin-left: auto;margin-right: auto;margin-top:20px;width:100%;\"><\/div><div class=\"fusion-text fusion-text-1\"><h2>Destrukce budov \/ recyklace p\u016fdy<\/h2>\n<p><strong>(v\u010detn\u011b zhodnocen\u00ed \/ nov\u00e9ho vyu\u017eit\u00ed nemovitost\u00ed)<\/strong><\/p>\n<ul>\n<li>pl\u00e1nov\u00e1n\u00ed a m\u00edstn\u00ed dohled nad pr\u016fzkumy (podzemn\u00ed \/ kontaminovan\u00e1 m\u00edsta; stavebn\u00ed materi\u00e1ly)<\/li>\n<li>inventarizace budov<\/li>\n<li>anal\u00fdzy znehodnocen\u00ed zastav\u011bn\u00fdch\/nezastav\u011bn\u00fdch pozemk\u016f (v r\u00e1mci jedn\u00e1n\u00ed o koupi\/prodeji).<\/li>\n<li>koncepty dekonstrukce<\/li>\n<li>vyhl\u00e1\u0161en\u00ed prost\u0159edk\u016f na likvidaci budov (dle VOB \/ pravidel pro zad\u00e1v\u00e1n\u00ed ve\u0159ejn\u00fdch zak\u00e1zek) v\u010d. vyhodnocen\u00ed nab\u00eddek<\/li>\n<li>\u0159\u00edzen\u00ed v\u00fdstavby<\/li>\n<li>poradenstv\u00ed v p\u0159\u00edpad\u011b op\u011btovn\u00e9ho pou\u017eit\u00ed<\/li>\n<\/ul>\n<\/div><\/div><\/div><\/div><\/div><\/p>\n","protected":false},"excerpt":{"rendered":"","protected":false},"author":3,"featured_media":0,"parent":1414,"menu_order":0,"comment_status":"closed","ping_status":"closed","template":"","meta":{"footnotes":""},"class_list":["post-1532","page","type-page","status-publish","hentry"],"yoast_head":"<!-- This site is optimized with the Yoast SEO plugin v27.5 - https:\/\/yoast.com\/product\/yoast-seo-wordpress\/ -->\n<title>Destrukce budov \/ recyklace p\u016fdy - Kom-pakt GmbH \u00d6tisheim | Karlsruhe<\/title>\n<meta name=\"robots\" content=\"index, follow, max-snippet:-1, max-image-preview:large, max-video-preview:-1\" \/>\n<link rel=\"canonical\" href=\"https:\/\/kompakt-gmbh.de\/cs\/domaci\/destrukce-budov-recyklace-pudy\/\" \/>\n<meta property=\"og:locale\" content=\"cs_CZ\" \/>\n<meta property=\"og:type\" content=\"article\" \/>\n<meta property=\"og:title\" content=\"Destrukce budov \/ recyklace p\u016fdy - Kom-pakt GmbH \u00d6tisheim | Karlsruhe\" \/>\n<meta property=\"og:url\" content=\"https:\/\/kompakt-gmbh.de\/cs\/domaci\/destrukce-budov-recyklace-pudy\/\" \/>\n<meta property=\"og:site_name\" content=\"Kom-pakt GmbH \u00d6tisheim | Karlsruhe\" \/>\n<meta property=\"article:modified_time\" content=\"2021-11-22T15:10:21+00:00\" \/>\n<meta name=\"twitter:card\" content=\"summary_large_image\" \/>\n<meta name=\"twitter:label1\" content=\"Odhadovan\u00e1 doba \u010dten\u00ed\" \/>\n\t<meta name=\"twitter:data1\" content=\"2 minuty\" \/>\n<script type=\"application\/ld+json\" class=\"yoast-schema-graph\">{\"@context\":\"https:\\\/\\\/schema.org\",\"@graph\":[{\"@type\":\"WebPage\",\"@id\":\"https:\\\/\\\/kompakt-gmbh.de\\\/cs\\\/domaci\\\/destrukce-budov-recyklace-pudy\\\/\",\"url\":\"https:\\\/\\\/kompakt-gmbh.de\\\/cs\\\/domaci\\\/destrukce-budov-recyklace-pudy\\\/\",\"name\":\"Destrukce budov \\\/ recyklace p\u016fdy - Kom-pakt GmbH \u00d6tisheim | Karlsruhe\",\"isPartOf\":{\"@id\":\"https:\\\/\\\/kompakt-gmbh.de\\\/cs\\\/#website\"},\"datePublished\":\"2017-08-14T09:37:25+00:00\",\"dateModified\":\"2021-11-22T15:10:21+00:00\",\"breadcrumb\":{\"@id\":\"https:\\\/\\\/kompakt-gmbh.de\\\/cs\\\/domaci\\\/destrukce-budov-recyklace-pudy\\\/#breadcrumb\"},\"inLanguage\":\"cs\",\"potentialAction\":[{\"@type\":\"ReadAction\",\"target\":[\"https:\\\/\\\/kompakt-gmbh.de\\\/cs\\\/domaci\\\/destrukce-budov-recyklace-pudy\\\/\"]}]},{\"@type\":\"BreadcrumbList\",\"@id\":\"https:\\\/\\\/kompakt-gmbh.de\\\/cs\\\/domaci\\\/destrukce-budov-recyklace-pudy\\\/#breadcrumb\",\"itemListElement\":[{\"@type\":\"ListItem\",\"position\":1,\"name\":\"Startseite\",\"item\":\"https:\\\/\\\/kompakt-gmbh.de\\\/cs\\\/\"},{\"@type\":\"ListItem\",\"position\":2,\"name\":\"Slu\u017eebn\u00ed profil\",\"item\":\"https:\\\/\\\/kompakt-gmbh.de\\\/cs\\\/\"},{\"@type\":\"ListItem\",\"position\":3,\"name\":\"Destrukce budov \\\/ recyklace p\u016fdy\"}]},{\"@type\":\"WebSite\",\"@id\":\"https:\\\/\\\/kompakt-gmbh.de\\\/cs\\\/#website\",\"url\":\"https:\\\/\\\/kompakt-gmbh.de\\\/cs\\\/\",\"name\":\"Kom-pakt GmbH \u00d6tisheim | Karlsruhe\",\"description\":\"Deponiebau | Abfallwirtschaft | Fl\u00e4chenrecycling\",\"potentialAction\":[{\"@type\":\"SearchAction\",\"target\":{\"@type\":\"EntryPoint\",\"urlTemplate\":\"https:\\\/\\\/kompakt-gmbh.de\\\/cs\\\/?s={search_term_string}\"},\"query-input\":{\"@type\":\"PropertyValueSpecification\",\"valueRequired\":true,\"valueName\":\"search_term_string\"}}],\"inLanguage\":\"cs\"}]}<\/script>\n<!-- \/ Yoast SEO plugin. -->","yoast_head_json":{"title":"Destrukce budov \/ recyklace p\u016fdy - Kom-pakt GmbH \u00d6tisheim | Karlsruhe","robots":{"index":"index","follow":"follow","max-snippet":"max-snippet:-1","max-image-preview":"max-image-preview:large","max-video-preview":"max-video-preview:-1"},"canonical":"https:\/\/kompakt-gmbh.de\/cs\/domaci\/destrukce-budov-recyklace-pudy\/","og_locale":"cs_CZ","og_type":"article","og_title":"Destrukce budov \/ recyklace p\u016fdy - Kom-pakt GmbH \u00d6tisheim | Karlsruhe","og_url":"https:\/\/kompakt-gmbh.de\/cs\/domaci\/destrukce-budov-recyklace-pudy\/","og_site_name":"Kom-pakt GmbH \u00d6tisheim | Karlsruhe","article_modified_time":"2021-11-22T15:10:21+00:00","twitter_card":"summary_large_image","twitter_misc":{"Odhadovan\u00e1 doba \u010dten\u00ed":"2 minuty"},"schema":{"@context":"https:\/\/schema.org","@graph":[{"@type":"WebPage","@id":"https:\/\/kompakt-gmbh.de\/cs\/domaci\/destrukce-budov-recyklace-pudy\/","url":"https:\/\/kompakt-gmbh.de\/cs\/domaci\/destrukce-budov-recyklace-pudy\/","name":"Destrukce budov \/ recyklace p\u016fdy - Kom-pakt GmbH \u00d6tisheim | Karlsruhe","isPartOf":{"@id":"https:\/\/kompakt-gmbh.de\/cs\/#website"},"datePublished":"2017-08-14T09:37:25+00:00","dateModified":"2021-11-22T15:10:21+00:00","breadcrumb":{"@id":"https:\/\/kompakt-gmbh.de\/cs\/domaci\/destrukce-budov-recyklace-pudy\/#breadcrumb"},"inLanguage":"cs","potentialAction":[{"@type":"ReadAction","target":["https:\/\/kompakt-gmbh.de\/cs\/domaci\/destrukce-budov-recyklace-pudy\/"]}]},{"@type":"BreadcrumbList","@id":"https:\/\/kompakt-gmbh.de\/cs\/domaci\/destrukce-budov-recyklace-pudy\/#breadcrumb","itemListElement":[{"@type":"ListItem","position":1,"name":"Startseite","item":"https:\/\/kompakt-gmbh.de\/cs\/"},{"@type":"ListItem","position":2,"name":"Slu\u017eebn\u00ed profil","item":"https:\/\/kompakt-gmbh.de\/cs\/"},{"@type":"ListItem","position":3,"name":"Destrukce budov \/ recyklace p\u016fdy"}]},{"@type":"WebSite","@id":"https:\/\/kompakt-gmbh.de\/cs\/#website","url":"https:\/\/kompakt-gmbh.de\/cs\/","name":"Kom-pakt GmbH \u00d6tisheim | Karlsruhe","description":"Deponiebau | Abfallwirtschaft | Fl\u00e4chenrecycling","potentialAction":[{"@type":"SearchAction","target":{"@type":"EntryPoint","urlTemplate":"https:\/\/kompakt-gmbh.de\/cs\/?s={search_term_string}"},"query-input":{"@type":"PropertyValueSpecification","valueRequired":true,"valueName":"search_term_string"}}],"inLanguage":"cs"}]}},"_links":{"self":[{"href":"https:\/\/kompakt-gmbh.de\/cs\/wp-json\/wp\/v2\/pages\/1532","targetHints":{"allow":["GET"]}}],"collection":[{"href":"https:\/\/kompakt-gmbh.de\/cs\/wp-json\/wp\/v2\/pages"}],"about":[{"href":"https:\/\/kompakt-gmbh.de\/cs\/wp-json\/wp\/v2\/types\/page"}],"author":[{"embeddable":true,"href":"https:\/\/kompakt-gmbh.de\/cs\/wp-json\/wp\/v2\/users\/3"}],"replies":[{"embeddable":true,"href":"https:\/\/kompakt-gmbh.de\/cs\/wp-json\/wp\/v2\/comments?post=1532"}],"version-history":[{"count":3,"href":"https:\/\/kompakt-gmbh.de\/cs\/wp-json\/wp\/v2\/pages\/1532\/revisions"}],"predecessor-version":[{"id":2905,"href":"https:\/\/kompakt-gmbh.de\/cs\/wp-json\/wp\/v2\/pages\/1532\/revisions\/2905"}],"up":[{"embeddable":true,"href":"https:\/\/kompakt-gmbh.de\/cs\/wp-json\/wp\/v2\/pages\/1414"}],"wp:attachment":[{"href":"https:\/\/kompakt-gmbh.de\/cs\/wp-json\/wp\/v2\/media?parent=1532"}],"curies":[{"name":"wp","href":"https:\/\/api.w.org\/{rel}","templated":true}]}}

Destrukce budov / recyklace půdy

<p><div class="fusion-fullwidth fullwidth-box fusion-builder-row-1 fusion-flex-container nonhundred-percent-fullwidth non-hundred-percent-height-scrolling" style="--awb-border-radius-top-left:0px;--awb-border-radius-top-right:0px;--awb-border-radius-bottom-right:0px;--awb-border-radius-bottom-left:0px;--awb-flex-wrap:wrap;" ><div class="fusion-builder-row fusion-row fusion-flex-align-items-flex-start fusion-flex-content-wrap" style="max-width:1248px;margin-left: calc(-4% / 2 );margin-right: calc(-4% / 2 );"><div class="fusion-layout-column fusion_builder_column fusion-builder-column-0 fusion_builder_column_1_2 1_2 fusion-flex-column" style="--awb-bg-size:cover;--awb-width-large:50%;--awb-margin-top-large:0px;--awb-spacing-right-large:3.84%;--awb-margin-bottom-large:20px;--awb-spacing-left-large:3.84%;--awb-width-medium:100%;--awb-spacing-right-medium:1.92%;--awb-spacing-left-medium:1.92%;--awb-width-small:100%;--awb-spacing-right-small:1.92%;--awb-spacing-left-small:1.92%;"><div class="fusion-column-wrapper fusion-flex-justify-content-flex-start fusion-content-layout-column"><div style="text-align:left;"><a class="fusion-button button-flat button-small button-custom fusion-button-default button-1 fusion-button-default-span fusion-button-default-type" style="--button_accent_color:#ffffff;--button_accent_hover_color:#f2f2f2;--button_border_hover_color:#f2f2f2;--button_gradient_top_color:#0d4e9e;--button_gradient_bottom_color:#0d4e9e;--button_gradient_top_color_hover:#0d4e9e;--button_gradient_bottom_color_hover:#0d4e9e;" target="_self" href="https://kompakt-gmbh.de/cs/domaci/rizeni-hmotnostniho-prutoku/"><i class="fa-long-arrow-alt-left fas awb-button__icon awb-button__icon--default awb-button__icon--no-margin button-icon-left" aria-hidden="true"></i><span class="fusion-button-text awb-button__text awb-button__text--default"></span></a></div></div></div><div class="fusion-layout-column fusion_builder_column fusion-builder-column-1 fusion_builder_column_1_2 1_2 fusion-flex-column" style="--awb-bg-size:cover;--awb-width-large:50%;--awb-margin-top-large:0px;--awb-spacing-right-large:3.84%;--awb-margin-bottom-large:20px;--awb-spacing-left-large:3.84%;--awb-width-medium:100%;--awb-spacing-right-medium:1.92%;--awb-spacing-left-medium:1.92%;--awb-width-small:100%;--awb-spacing-right-small:1.92%;--awb-spacing-left-small:1.92%;"><div class="fusion-column-wrapper fusion-flex-justify-content-flex-start fusion-content-layout-column"></div></div></div></div><div class="fusion-fullwidth fullwidth-box fusion-builder-row-2 fusion-flex-container nonhundred-percent-fullwidth non-hundred-percent-height-scrolling" style="--awb-border-radius-top-left:0px;--awb-border-radius-top-right:0px;--awb-border-radius-bottom-right:0px;--awb-border-radius-bottom-left:0px;--awb-flex-wrap:wrap;" ><div class="fusion-builder-row fusion-row fusion-flex-align-items-flex-start fusion-flex-content-wrap" style="max-width:calc( 1200px + 0px );margin-left: calc(-0px / 2 );margin-right: calc(-0px / 2 );"><div class="fusion-layout-column fusion_builder_column fusion-builder-column-2 fusion_builder_column_1_1 1_1 fusion-flex-column" style="--awb-bg-size:cover;--awb-width-large:100%;--awb-margin-top-large:0px;--awb-spacing-right-large:0px;--awb-margin-bottom-large:20px;--awb-spacing-left-large:0px;--awb-width-medium:100%;--awb-spacing-right-medium:0px;--awb-spacing-left-medium:0px;--awb-width-small:100%;--awb-spacing-right-small:0px;--awb-spacing-left-small:0px;"><div class="fusion-column-wrapper fusion-flex-justify-content-flex-start fusion-content-layout-column"><div class="fusion-image-element " style="--awb-caption-title-font-family:var(--h2_typography-font-family);--awb-caption-title-font-weight:var(--h2_typography-font-weight);--awb-caption-title-font-style:var(--h2_typography-font-style);--awb-caption-title-size:var(--h2_typography-font-size);--awb-caption-title-transform:var(--h2_typography-text-transform);--awb-caption-title-line-height:var(--h2_typography-line-height);--awb-caption-title-letter-spacing:var(--h2_typography-letter-spacing);"><span class=" fusion-imageframe imageframe-none imageframe-1 hover-type-zoomout"><a class="fusion-no-lightbox" href="https://kompakt-gmbh.de/cs/kontakt-prijezd/" target="_self" aria-label="rueckbau"><img decoding="async" width="960" height="430" alt="Kontakt Kompakt-GmbH" src="data:image/svg+xml,%3Csvg%20xmlns%3D%27http%3A%2F%2Fwww.w3.org%2F2000%2Fsvg%27%20width%3D%27960%27%20height%3D%27430%27%20viewBox%3D%270%200%20960%20430%27%3E%3Crect%20width%3D%27960%27%20height%3D%27430%27%20fill-opacity%3D%220%22%2F%3E%3C%2Fsvg%3E" data-orig-src="https://kompakt-gmbh.de/wp-content/uploads/2017/03/rueckbau.jpg" class="lazyload img-responsive wp-image-209"/></a></span></div><div class="fusion-separator fusion-full-width-sep" style="align-self: center;margin-left: auto;margin-right: auto;margin-top:20px;width:100%;"></div><div class="fusion-text fusion-text-1"><h2>Destrukce budov / recyklace půdy</h2>
<p><strong>(včetně zhodnocení / nového využití nemovitostí)</strong></p>
<ul>
<li>plánování a místní dohled nad průzkumy (podzemní / kontaminovaná místa; stavební materiály)</li>
<li>inventarizace budov</li>
<li>analýzy znehodnocení zastavěných/nezastavěných pozemků (v rámci jednání o koupi/prodeji).</li>
<li>koncepty dekonstrukce</li>
<li>vyhlášení prostředků na likvidaci budov (dle VOB / pravidel pro zadávání veřejných zakázek) vč. vyhodnocení nabídek</li>
<li>řízení výstavby</li>
<li>poradenství v případě opětovného použití</li>
</ul>
</div></div></div></div></div></p>

<!-- This site is optimized with the Yoast SEO plugin v27.5 - https://yoast.com/product/yoast-seo-wordpress/ -->
<title>Destrukce budov / recyklace půdy - Kom-pakt GmbH Ötisheim | Karlsruhe</title>
<meta name="robots" content="index, follow, max-snippet:-1, max-image-preview:large, max-video-preview:-1" />
<link rel="canonical" href="https://kompakt-gmbh.de/cs/domaci/destrukce-budov-recyklace-pudy/" />
<meta property="og:locale" content="cs_CZ" />
<meta property="og:type" content="article" />
<meta property="og:title" content="Destrukce budov / recyklace půdy - Kom-pakt GmbH Ötisheim | Karlsruhe" />
<meta property="og:url" content="https://kompakt-gmbh.de/cs/domaci/destrukce-budov-recyklace-pudy/" />
<meta property="og:site_name" content="Kom-pakt GmbH Ötisheim | Karlsruhe" />
<meta property="article:modified_time" content="2021-11-22T15:10:21+00:00" />
<meta name="twitter:card" content="summary_large_image" />
<meta name="twitter:label1" content="Odhadovaná doba čtení" />
	<meta name="twitter:data1" content="2 minuty" />
<script type="application/ld+json" class="yoast-schema-graph">{"@context":"https:\/\/schema.org","@graph":[{"@type":"WebPage","@id":"https:\/\/kompakt-gmbh.de\/cs\/domaci\/destrukce-budov-recyklace-pudy\/","url":"https:\/\/kompakt-gmbh.de\/cs\/domaci\/destrukce-budov-recyklace-pudy\/","name":"Destrukce budov \/ recyklace půdy - Kom-pakt GmbH Ötisheim | Karlsruhe","isPartOf":{"@id":"https:\/\/kompakt-gmbh.de\/cs\/#website"},"datePublished":"2017-08-14T09:37:25+00:00","dateModified":"2021-11-22T15:10:21+00:00","breadcrumb":{"@id":"https:\/\/kompakt-gmbh.de\/cs\/domaci\/destrukce-budov-recyklace-pudy\/#breadcrumb"},"inLanguage":"cs","potentialAction":[{"@type":"ReadAction","target":["https:\/\/kompakt-gmbh.de\/cs\/domaci\/destrukce-budov-recyklace-pudy\/"]}]},{"@type":"BreadcrumbList","@id":"https:\/\/kompakt-gmbh.de\/cs\/domaci\/destrukce-budov-recyklace-pudy\/#breadcrumb","itemListElement":[{"@type":"ListItem","position":1,"name":"Startseite","item":"https:\/\/kompakt-gmbh.de\/cs\/"},{"@type":"ListItem","position":2,"name":"Služební profil","item":"https:\/\/kompakt-gmbh.de\/cs\/"},{"@type":"ListItem","position":3,"name":"Destrukce budov \/ recyklace půdy"}]},{"@type":"WebSite","@id":"https:\/\/kompakt-gmbh.de\/cs\/#website","url":"https:\/\/kompakt-gmbh.de\/cs\/","name":"Kom-pakt GmbH Ötisheim | Karlsruhe","description":"Deponiebau | Abfallwirtschaft | Flächenrecycling","potentialAction":[{"@type":"SearchAction","target":{"@type":"EntryPoint","urlTemplate":"https:\/\/kompakt-gmbh.de\/cs\/?s={search_term_string}"},"query-input":{"@type":"PropertyValueSpecification","valueRequired":true,"valueName":"search_term_string"}}],"inLanguage":"cs"}]}</script>
<!-- / Yoast SEO plugin. -->

Destrukce budov / recyklace půdy - Kom-pakt GmbH Ötisheim | Karlsruhe

Kom-pakt GmbH Ötisheim | Karlsruhe

Služební profil

Deponiebau | Abfallwirtschaft | Flächenrecycling
